or of j and 368.
46
Let h be (((-54)/(-7))/(-9))/((-2)/14). Suppose 96 + 24 = h*u. Calculate the highest common factor of u and 8.
4
Let g = 15 - 9. What is the greatest common divisor of 1620 and g?
6
Let y be (-4)/(-2 - -4) - -37. Let l(b) = b**3 + 6*b**2 + 2*b - 10. Let o be l(-5). Calculate the greatest common factor of o and y.
5
Suppose 3*d = -4*i + 35, -2*d + d + 4*i = 15. Suppose -3*x - s = -280, -d*s = x - 3*x + 215. Calculate the highest common divisor of 38 and x.
19
Suppose -3*m - 13 = 5*z - 44, 2*z = 5*m - 62. Suppose -4*v + 0*v = 0. Suppose v = 3*p - 2*p - 120. What is the greatest common factor of p and m?
12
Suppose 5*g + 5*c + 1422 = 7*g, c = 0. Calculate the greatest common divisor of g and 9.
9
Suppose -6*z = -14*z - 16. Let o be (-5 - -2)/(3/z). Let d = 23 - 5. What is the greatest common divisor of o and d?
2
Suppose -2 = -2*j + 2. Let p be j + 2202/2 - -3. Suppose -4*c + p = 270. What is the highest common factor of 19 and c?
19
Let f = 160 + -87. What is the highest common divisor of f and 657?
73
Suppose -9*h + 71 = -64. Suppose m + 2 = k + 4, k - 4*m = -17. Calculate the greatest common factor of k and h.
3
Suppose -p = -3*q - 1, 0 = -q + 4*p - 1 - 3. Suppose q = 4*b + 20 - 72. Let x = 19 - 6. Calculate the highest common factor of b and x.
13
Let u(q) = -11*q + 1. Let f be u(-2). Suppose -5*d = -4*v + 5, 0 = d + 5*v - v - f. Let y be d*16/12 - -2. Calculate the highest common divisor of 12 and y.
6
Let y be -53*(-1)/1*(-20 - -21). Suppose -z + h + y = -11, 5*z - 2*h = 332. Calculate the greatest common factor of 17 and z.
17
Suppose 0 = -0*y + 3*y - 300. Suppose 8*i - 282 = -82. Calculate the greatest common factor of y and i.
25
Let l(a) = -a**3 - 5*a**2 + a - 14. Let p be l(-6). Suppose 0 = 10*v + p - 36. Calculate the highest common divisor of v and 1.
1
Suppose -2*t + 72 = 2*c, -4*t = -4*c - 75 + 195. Calculate the greatest common divisor of c and 11.
11
Let j = 92 - 62. Suppose 2*g - 200 - j = 4*p, 0 = 2*g + 2*p - 254. What is the highest common divisor of g and 82?
41
Let c be 3*-1 + (-12 - -17). Let l = 14 + c. Calculate the highest common factor of 16 and l.
16
Let r = 38 + -26. Let u be 69/r + 4/16. Suppose 3*o - 2*a + u = 2*a, 3 = a. What is the greatest common divisor of o and 4?
2
Let n = 771 - 742. Calculate the highest common factor of 1421 and n.
29
Let n(m) = 5*m + 48. Let w be n(-9). What is the greatest common divisor of w and 23?
1
Let g be 14/(-4)*(-5 + 3). Suppose -96 = -10*k + g*k. What is the greatest common factor of 80 and k?
16
Suppose -5*m + 1476 = -l, 2*m - 2*l + 600 = 4*m. Calculate the highest common divisor of m and 104.
8
Let j(m) = 2*m + 133. Let x be j(58). Calculate the greatest common divisor of x and 83.
83
Let x(t) = -t**2 - 10*t. Let o be x(-7). Let c = 158 + -90. Let m = -54 + c. What is the highest common factor of m and o?
7
Let y(v) = 5*v**3 + 3*v**2 - 8*v + 28. Let c be y(5). Calculate the greatest common divisor of c and 43.
43
Let s = -1 + -49. Let a = 101 + s. Calculate the greatest common divisor of 17 and a.
17
Suppose 7*x + 48 = 9*x + 4*j, 120 = 5*x + j. Let k(h) = h**2 - 6*h + 4. Let d be k(4). Let c be 58 - (d - -1*2). What is the highest common factor of c and x?
12
Let v(p) = p**3 - 21*p**2 - 24*p + 98. Let y be v(22). What is the highest common divisor of y and 198?
18
Let a be (1 - 3)*(-21)/6. Let z(v) = 6*v - 6. Let s(r) = 2*r - 2. Let j(x) = 11*s(x) - 4*z(x). Let t be j(-6). Calculate the greatest common divisor of t and a.
7
Suppose 0 = -3*t - 5*o + 16, -5 = -2*o - 1. Let f = -9 - -13. Calculate the greatest common divisor of f and t.
2
Suppose 2*m = -2*m - v + 5, 3*m - 21 = 5*v. Suppose -m*q + 4*q = 0. Let p be (-2 - q)*-3 + -1. What is the greatest common factor of 55 and p?
5
Let t(z) = 5*z + 8 - 3*z + z + 12. Let o be t(8). Let r(h) = 3*h - 7. Let i be r(6). Calculate the greatest common divisor of i and o.
11
Suppose -2*f + 216 = -4*a, 2*a + 324 = 4*f - f. Let l = 53 + 19. Calculate the highest common divisor of l and f.
36
Let s(f) = 2*f**3 + 11*f**2 + 3*f - 7. Let m = -14 - -10. Let a be s(m). Calculate the greatest common divisor of 58 and a.
29
Suppose a - 4*a = -2*o - 152, -180 = -4*a - 3*o. Calculate the greatest common divisor of 416 and a.
16
Suppose -2*u = 3*p - 101, 0 = 5*u - 3*u - p - 89. Suppose 38 = 5*s + 93. Let t = u + s. Calculate the highest common divisor of t and 14.
7
Suppose 3*a + 12 = 5*q - 17, -2*q = -2*a - 14. Suppose -3*j = 2*l - 6, 11 = 3*l - q*j + 2. What is the greatest common factor of l and 27?
3
Let v(a) = a**2 + 2*a + 1. Let i be v(3). Let u(j) = 2*j**2 + 5*j - 8. Let o = -19 - -11. Let d be u(o). Calculate the highest common factor of i and d.
16
Let r = 28 - 24. Suppose r*w - 2*w = 150. Calculate the highest common factor of w and 50.
25
Suppose 0 = -z - q + 40, -2*z - 2*q = 3*z - 206. Calculate the greatest common divisor of 266 and z.
14
Suppose -61*s + 5*l - 306 = -64*s, 0 = s - 3*l - 130. Let j be (-12)/10*(-70)/3. Calculate the highest common divisor of s and j.
28
Let g = -116 - -178. Let n = g + 0. Suppose -n - 73 = -5*p. What is the highest common factor of 18 and p?
9
Let q(i) = 13*i - 34. Let y be q(-14). Let f = y + 441. Suppose s + 0*s - 25 = 0. Calculate the highest common divisor of f and s.
25
Let l be -5 + 654*24/18. Calculate the highest common factor of 51 and l.
51
Suppose -5*h = 4*y - 390, 13*y = 9*y. What is the greatest common factor of h and 117?
39
Let w = -5 - -5. Suppose 3 = 4*o + 3*h, -9 = -5*o - w*o - 2*h. Suppose -o*f - 21 = -63. Calculate the highest common divisor of 14 and f.
14
Suppose -2*s = -3*p - 4, -3*p + 2*s - 2 = p. Let k be 1054/14 - 1/7*p. What is the highest common factor of k and 50?
25
Suppose 0 = -3*j + 71 + 169. Suppose -166 = -10*f + 234. What is the greatest common factor of j and f?
40
Let v = 953 + -1666. Let t be (-8)/36 + v/(-9). Suppose -13 + t = 3*s. What is the greatest common factor of s and 198?
22
Suppose -54 = 5*d - 184. Suppose -8 = -2*o + 4*f + 2, d = o + 5*f. Calculate the highest common divisor of o and 88.
11
Let u be (-3)/12*-12*13. Calculate the highest common divisor of 52 and u.
13
Let d(j) = 18*j - 425. Let u be d(25). Calculate the greatest common factor of u and 120.
5
Let k(f) = f**2 - 3*f + 1. Let v be k(6). Let a(w) = 12*w + 4 - 15 - 2 + 15*w. Let g be a(4). Calculate the highest common divisor of g and v.
19
Let w = -713 + 729. Calculate the highest common divisor of 12 and w.
4
Let g = 15 - 11. Suppose -15 = -9*b + g*b. Let w(y) = 3*y - 1. Let n be w(b). What is the highest common divisor of n and 24?
8
Suppose -97*s = -60*s - 1776. Calculate the greatest common factor of s and 9.
3
Suppose -4*y + 62 = -2*y - 4*i, 5*i + 34 = y. Suppose 5*o - 4 = -y, o = -3*l + 19. Suppose 3*v = -v + l. What is the greatest common factor of 4 and v?
2
Suppose -10 = -2*g + a, 5*a - 19 = -g + 9*a. Suppose -g*q + 0*q + 4*o = -98, 5*q - 2*o = 154. Calculate the greatest common divisor of 20 and q.
10
Suppose 4*x - 5*x = -3*j + 3914, -2*j + 2614 = 4*x. What is the greatest common factor of 60 and j?
15
Let y(b) = b**3 + 11*b**2 - 14*b + 6. Let c be y(-12). What is the highest common divisor of c and 195?
15
Suppose -3*s - 10 + 124 = 0. What is the highest common factor of 38 and s?
38
Suppose 224 = r - 2*m, -31*r = -36*r - m + 1120. What is the highest common divisor of 70 and r?
14
Suppose 4*g = 129 - 461. Let a = -82 - g. Calculate the highest common factor of a and 11.
1
Let x(j) = 33*j - 48. Let l be x(12). What is the highest common factor of 29 and l?
29
Let f be 22 - 8 - (-2 - 0). Calculate the greatest common divisor of f and 1664.
16
Let d be 3508/6 + ((-8)/(-6))/4. Suppose -7*m - 2*m + d = 0. Suppose -5*s + s + 52 = 0. What is the highest common factor of m and s?
13
Let z be (-32 + 31)/(2/(-360)). What is the highest common factor of 40 and z?
20
Suppose 194*i = 216*i - 6380. Calculate the highest common factor of i and 10.
10
Let c = 581 - 557. Suppose 0 = -f + 1, 3*f + 2*f + 1 = 2*j. What is the highest common factor of j and c?
3
Suppose -3 = -k - 1. Let y = -23 + 47. Suppose -4*i + 6*m + 74 = m, -4*m - y = -i. Calculate the greatest common factor of k and i.
2
Let s(x) be the second derivative of -x**3/6 + x**2 + 5*x. Let q be s(0). Suppose -18 = -2*